{"id":4082,"date":"2019-11-09T11:22:52","date_gmt":"2019-11-09T10:22:52","guid":{"rendered":"https:\/\/www.mzclp.de\/?page_id=4082"},"modified":"2019-11-09T11:55:20","modified_gmt":"2019-11-09T10:55:20","slug":"fortbildung","status":"publish","type":"page","link":"https:\/\/www.mzclp.de\/?page_id=4082","title":{"rendered":"Fortbildung"},"content":{"rendered":"<p>Das Medienzentrum Cloppenburg bietet Fortbildungsveranstaltung im Kontext von laufenden Medienentwicklungsplanungen bei Tr\u00e4gern im Landkreis an. Diese werden <a href=\"https:\/\/www.mzclp.de\/fortbildungsangebote-des-medienzentrums-zwischen-den-herbstferien-und-weihnachten\/\">hier<\/a> in regelm\u00e4\u00dfigen Abst\u00e4nden ver\u00f6ffentlicht. Die Fortbildungen sind kostenlos &#8211; Reisekostenverg\u00fctung kann nicht gew\u00e4hrt werden &#8211; bitte stimmen Sie sich mit der Schulleitung ab, ob Sie Reisekosten aus dem Schulbudget erhalten k\u00f6nnen.<\/p>\n<p>Sie k\u00f6nnen sich auch per Newsletter per E-Mail \u00fcber laufende Fortbildungsangebote informieren lassen:<\/p>\n  \n  \n  <div class=\"\n    mailpoet_form_popup_overlay\n      \"><\/div>\n  <div\n    id=\"mailpoet_form_1\"\n    class=\"\n      mailpoet_form\n      mailpoet_form_shortcode\n      mailpoet_form_position_\n      mailpoet_form_animation_\n    \"\n      >\n\n    <style type=\"text\/css\">\n     #mailpoet_form_1 .mailpoet_form {  }\n#mailpoet_form_1 .mailpoet_paragraph { line-height: 20px; }\n#mailpoet_form_1 .mailpoet_segment_label, #mailpoet_form_1 .mailpoet_text_label, #mailpoet_form_1 .mailpoet_textarea_label, #mailpoet_form_1 .mailpoet_select_label, #mailpoet_form_1 .mailpoet_radio_label, #mailpoet_form_1 .mailpoet_checkbox_label, #mailpoet_form_1 .mailpoet_list_label, #mailpoet_form_1 .mailpoet_date_label { display: block; font-weight: bold; }\n#mailpoet_form_1 .mailpoet_text, #mailpoet_form_1 .mailpoet_textarea, #mailpoet_form_1 .mailpoet_select, #mailpoet_form_1 .mailpoet_date_month, #mailpoet_form_1 .mailpoet_date_day, #mailpoet_form_1 .mailpoet_date_year, #mailpoet_form_1 .mailpoet_date { display: block; }\n#mailpoet_form_1 .mailpoet_text, #mailpoet_form_1 .mailpoet_textarea { width: 200px; }\n#mailpoet_form_1 .mailpoet_checkbox {  }\n#mailpoet_form_1 .mailpoet_submit input {  }\n#mailpoet_form_1 .mailpoet_divider {  }\n#mailpoet_form_1 .mailpoet_message {  }\n#mailpoet_form_1 .mailpoet_validate_success { font-weight: 600; color: #468847; }\n#mailpoet_form_1 .mailpoet_validate_error { color: #b94a48; }\n#mailpoet_form_1 .mailpoet_form_loading { width: 30px; text-align: center; line-height: normal; }\n#mailpoet_form_1 .mailpoet_form_loading > span { width: 5px; height: 5px; background-color: #5b5b5b; }#mailpoet_form_1{;}#mailpoet_form_1 .mailpoet_message {margin: 0; padding: 0 20px;}#mailpoet_form_1 .mailpoet_paragraph.last {margin-bottom: 0} @media (max-width: 500px) {#mailpoet_form_1 {background-image: none;}} @media (min-width: 500px) {#mailpoet_form_1 .last .mailpoet_paragraph:last-child {margin-bottom: 0}}  @media (max-width: 500px) {#mailpoet_form_1 .mailpoet_form_column:last-child .mailpoet_paragraph:last-child {margin-bottom: 0}} \n    <\/style>\n\n    <form\n      target=\"_self\"\n      method=\"post\"\n      action=\"https:\/\/www.mzclp.de\/wp-admin\/admin-post.php?action=mailpoet_subscription_form\"\n      class=\"mailpoet_form mailpoet_form_form mailpoet_form_shortcode\"\n      novalidate\n      data-delay=\"\"\n      data-exit-intent-enabled=\"\"\n      data-trigger-mode=\"\"\n      data-click-trigger-selector=\"\"\n      data-font-family=\"\"\n      data-cookie-expiration-time=\"\"\n    >\n      <input type=\"hidden\" name=\"data[form_id]\" value=\"1\" \/>\n      <input type=\"hidden\" name=\"token\" value=\"bbfbd6997c\" \/>\n      <input type=\"hidden\" name=\"api_version\" value=\"v1\" \/>\n      <input type=\"hidden\" name=\"endpoint\" value=\"subscribers\" \/>\n      <input type=\"hidden\" name=\"mailpoet_method\" value=\"subscribe\" \/>\n\n      <label class=\"mailpoet_hp_email_label\" style=\"display: none !important;\">Bitte dieses Feld leer lassen<input type=\"email\" name=\"data[email]\"\/><\/label><div class=\"mailpoet_paragraph\"><label for=\"form_email_1\" class=\"mailpoet_text_label\"  data-automation-id=\"form_email_label\" >E-Mail&nbsp;<span class=\"mailpoet_required\" aria-hidden=\"true\">*<\/span><\/label><input type=\"email\" autocomplete=\"email\" class=\"mailpoet_text\" id=\"form_email_1\" name=\"data[form_field_NzJmOGVhYWMxNGFjX2VtYWls]\" title=\"E-Mail\" value=\"\" data-automation-id=\"form_email\" data-parsley-errors-container=\".mailpoet_error_1344h\" data-parsley-required=\"true\" required aria-required=\"true\" data-parsley-minlength=\"6\" data-parsley-maxlength=\"150\" data-parsley-type-message=\"Dieser Wert sollte eine g\u00fcltige E-Mail-Adresse sein.\" data-parsley-required-message=\"Dieses Feld wird ben\u00f6tigt.\"\/><span class=\"mailpoet_error_1344h\"><\/span><\/div>\n<div class=\"mailpoet_paragraph\"><input type=\"submit\" class=\"mailpoet_submit\" value=\"Abonnieren!\" data-automation-id=\"subscribe-submit-button\" style=\"border-color:transparent;\" \/><span class=\"mailpoet_form_loading\"><span class=\"mailpoet_bounce1\"><\/span><span class=\"mailpoet_bounce2\"><\/span><span class=\"mailpoet_bounce3\"><\/span><\/span><\/div>\n\n      <div class=\"mailpoet_message\">\n        <p class=\"mailpoet_validate_success\"\n                style=\"display:none;\"\n                >Pr\u00fcfe deinen Posteingang oder Spam-Ordner, um dein Abonnement zu best\u00e4tigen.\n        <\/p>\n        <p class=\"mailpoet_validate_error\"\n                style=\"display:none;\"\n                >        <\/p>\n      <\/div>\n    <\/form>\n\n      <\/div>\n\n  \n<p>Die Fort- und Weiterbildung von Lehrkr\u00e4ften ist in Niedersachsen prim\u00e4re Aufgabe der <a href=\"https:\/\/www.nibis.de\/kompetenzzentren_3333\">Kompetenzzentren<\/a>. Diese sind f\u00fcr einzelne Regionen zust\u00e4ndig.<\/p>\n<p><a href=\"https:\/\/www.mzclp.de\/wp-content\/uploads\/2019\/11\/Bild-KomZen.png\"><img loading=\"lazy\" decoding=\"async\" class=\"aligncenter size-medium wp-image-4084\" src=\"https:\/\/www.mzclp.de\/wp-content\/uploads\/2019\/11\/Bild-KomZen-300x268.png\" alt=\"\" width=\"300\" height=\"268\" srcset=\"https:\/\/www.mzclp.de\/wp-content\/uploads\/2019\/11\/Bild-KomZen-300x268.png 300w, https:\/\/www.mzclp.de\/wp-content\/uploads\/2019\/11\/Bild-KomZen.png 444w\" sizes=\"auto, (max-width: 300px) 100vw, 300px\" \/><\/a><\/p>\n<p>F\u00fcr die Region Weser-Ems sind das:<\/p>\n<ul>\n<li>das <a href=\"https:\/\/www.uni-vechta.de\/einrichtungen-von-a-z\/kompetenzzentrum-fuer-lehrerinnenfortbildung\/kompetenzzentrum\/\">Kompetenzzentrum der Universit\u00e4t Vechta<\/a><\/li>\n<li>das <a href=\"https:\/\/www.uni-osnabrueck.de\/weiterbildung\/lehrerfortbildung\/\">Kompetenzzentrum der Universit\u00e4t Osnabr\u00fcck<\/a><\/li>\n<li>das <a href=\"https:\/\/uol.de\/ofz\">Oldenburger Fortbildungszentrum<\/a> (OFZ)<\/li>\n<li>das <a href=\"https:\/\/www.lwh.de\/home\/\">Ludwig Windthorst Haus<\/a> (Lingen)<\/li>\n<li>die <a href=\"https:\/\/www.hoeb.de\/\">historisch-\u00f6kologische Bildungsst\u00e4tte<\/a> (Papenburg)<\/li>\n<\/ul>\n<p>In den kommenden Haushaltsjahren gibt es den Bildungsschwerpunkt &#8222;Digitalisierung&#8220;, der auch mit finanziellen Mitteln hinterlegt ist. Im Rahmen des Bildungsschwerpunkts ist jedes Kompetenzzentrum gehalten, mindestens sechs Fortbildungsangebote pro Jahr zu diesem Themenbereich anzubieten &#8211; drei davon in Kooperation mit der <a href=\"https:\/\/www.nibis.de\/medienberatung_3207\">medienp\u00e4dagogischen Beratung Niedersachsen<\/a>. Da diese Fortbildungen mit Geldmitteln hinterlegt sind, werden sie voraussichtlich kostenlos sein.<\/p>\n<p>Bei Fragen zu Fortbildungsthemen wenden Sie sich bitte an den zust\u00e4ndigen <a href=\"https:\/\/www.mzclp.de\/kontakt\/\">medienp\u00e4dagogischen Berater am Medienzentrum Cloppenburg<\/a>.<\/p>\n","protected":false},"excerpt":{"rendered":"<p>Das Medienzentrum Cloppenburg bietet Fortbildungsveranstaltung im Kontext von laufenden Medienentwicklungsplanungen bei Tr\u00e4gern im Landkreis an. Diese werden hier in regelm\u00e4\u00dfigen Abst\u00e4nden ver\u00f6ffentlicht. Die Fortbildungen sind kostenlos &#8211; Reisekostenverg\u00fctung kann nicht gew\u00e4hrt werden<\/p>\n<a class=\"moretag noptoppad\" href=\"https:\/\/www.mzclp.de\/?page_id=4082\">Read More...<\/a>","protected":false},"author":9,"featured_media":0,"parent":0,"menu_order":0,"comment_status":"closed","ping_status":"closed","template":"","meta":{"_crdt_document":"","footnotes":""},"class_list":["post-4082","page","type-page","status-publish","hentry"],"yoast_head":"<!-- This site is optimized with the Yoast SEO plugin v27.5 - https:\/\/yoast.com\/product\/yoast-seo-wordpress\/ -->\n<title>Fortbildung - Medienzentrum Cloppenburg<\/title>\n<meta name=\"robots\" content=\"index, follow, max-snippet:-1, max-image-preview:large, max-video-preview:-1\" \/>\n<link rel=\"canonical\" href=\"https:\/\/www.mzclp.de\/?page_id=4082\" \/>\n<meta property=\"og:locale\" content=\"de_DE\" \/>\n<meta property=\"og:type\" content=\"article\" \/>\n<meta property=\"og:title\" content=\"Fortbildung - Medienzentrum Cloppenburg\" \/>\n<meta property=\"og:description\" content=\"Das Medienzentrum Cloppenburg bietet Fortbildungsveranstaltung im Kontext von laufenden Medienentwicklungsplanungen bei Tr\u00e4gern im Landkreis an. Diese werden hier in regelm\u00e4\u00dfigen Abst\u00e4nden ver\u00f6ffentlicht. Die Fortbildungen sind kostenlos &#8211; Reisekostenverg\u00fctung kann nicht gew\u00e4hrt werden\" \/>\n<meta property=\"og:url\" content=\"https:\/\/www.mzclp.de\/?page_id=4082\" \/>\n<meta property=\"og:site_name\" content=\"Medienzentrum Cloppenburg\" \/>\n<meta property=\"article:modified_time\" content=\"2019-11-09T10:55:20+00:00\" \/>\n<meta property=\"og:image\" content=\"https:\/\/www.mzclp.de\/wp-content\/uploads\/2019\/11\/Bild-KomZen-300x268.png\" \/>\n<meta name=\"twitter:card\" content=\"summary_large_image\" \/>\n<meta name=\"twitter:label1\" content=\"Gesch\u00e4tzte Lesezeit\" \/>\n\t<meta name=\"twitter:data1\" content=\"1\u00a0Minute\" \/>\n<script type=\"application\/ld+json\" class=\"yoast-schema-graph\">{\"@context\":\"https:\\\/\\\/schema.org\",\"@graph\":[{\"@type\":\"WebPage\",\"@id\":\"https:\\\/\\\/www.mzclp.de\\\/?page_id=4082\",\"url\":\"https:\\\/\\\/www.mzclp.de\\\/?page_id=4082\",\"name\":\"Fortbildung - Medienzentrum Cloppenburg\",\"isPartOf\":{\"@id\":\"https:\\\/\\\/www.mzclp.de\\\/#website\"},\"primaryImageOfPage\":{\"@id\":\"https:\\\/\\\/www.mzclp.de\\\/?page_id=4082#primaryimage\"},\"image\":{\"@id\":\"https:\\\/\\\/www.mzclp.de\\\/?page_id=4082#primaryimage\"},\"thumbnailUrl\":\"https:\\\/\\\/www.mzclp.de\\\/wp-content\\\/uploads\\\/2019\\\/11\\\/Bild-KomZen-300x268.png\",\"datePublished\":\"2019-11-09T10:22:52+00:00\",\"dateModified\":\"2019-11-09T10:55:20+00:00\",\"breadcrumb\":{\"@id\":\"https:\\\/\\\/www.mzclp.de\\\/?page_id=4082#breadcrumb\"},\"inLanguage\":\"de\",\"potentialAction\":[{\"@type\":\"ReadAction\",\"target\":[\"https:\\\/\\\/www.mzclp.de\\\/?page_id=4082\"]}]},{\"@type\":\"ImageObject\",\"inLanguage\":\"de\",\"@id\":\"https:\\\/\\\/www.mzclp.de\\\/?page_id=4082#primaryimage\",\"url\":\"https:\\\/\\\/www.mzclp.de\\\/wp-content\\\/uploads\\\/2019\\\/11\\\/Bild-KomZen.png\",\"contentUrl\":\"https:\\\/\\\/www.mzclp.de\\\/wp-content\\\/uploads\\\/2019\\\/11\\\/Bild-KomZen.png\",\"width\":444,\"height\":397},{\"@type\":\"BreadcrumbList\",\"@id\":\"https:\\\/\\\/www.mzclp.de\\\/?page_id=4082#breadcrumb\",\"itemListElement\":[{\"@type\":\"ListItem\",\"position\":1,\"name\":\"Startseite\",\"item\":\"https:\\\/\\\/www.mzclp.de\\\/\"},{\"@type\":\"ListItem\",\"position\":2,\"name\":\"Fortbildung\"}]},{\"@type\":\"WebSite\",\"@id\":\"https:\\\/\\\/www.mzclp.de\\\/#website\",\"url\":\"https:\\\/\\\/www.mzclp.de\\\/\",\"name\":\"Medienzentrum Cloppenburg\",\"description\":\"Beratung - Medien - Technik\",\"publisher\":{\"@id\":\"https:\\\/\\\/www.mzclp.de\\\/#organization\"},\"potentialAction\":[{\"@type\":\"SearchAction\",\"target\":{\"@type\":\"EntryPoint\",\"urlTemplate\":\"https:\\\/\\\/www.mzclp.de\\\/?s={search_term_string}\"},\"query-input\":{\"@type\":\"PropertyValueSpecification\",\"valueRequired\":true,\"valueName\":\"search_term_string\"}}],\"inLanguage\":\"de\"},{\"@type\":\"Organization\",\"@id\":\"https:\\\/\\\/www.mzclp.de\\\/#organization\",\"name\":\"Medienzentrum Cloppenburg\",\"url\":\"https:\\\/\\\/www.mzclp.de\\\/\",\"logo\":{\"@type\":\"ImageObject\",\"inLanguage\":\"de\",\"@id\":\"https:\\\/\\\/www.mzclp.de\\\/#\\\/schema\\\/logo\\\/image\\\/\",\"url\":\"https:\\\/\\\/www.mzclp.de\\\/wp-content\\\/uploads\\\/2020\\\/06\\\/cropped-lkclpmzclpf-1.png\",\"contentUrl\":\"https:\\\/\\\/www.mzclp.de\\\/wp-content\\\/uploads\\\/2020\\\/06\\\/cropped-lkclpmzclpf-1.png\",\"width\":3195,\"height\":606,\"caption\":\"Medienzentrum Cloppenburg\"},\"image\":{\"@id\":\"https:\\\/\\\/www.mzclp.de\\\/#\\\/schema\\\/logo\\\/image\\\/\"}}]}<\/script>\n<!-- \/ Yoast SEO plugin. -->","yoast_head_json":{"title":"Fortbildung - Medienzentrum Cloppenburg","robots":{"index":"index","follow":"follow","max-snippet":"max-snippet:-1","max-image-preview":"max-image-preview:large","max-video-preview":"max-video-preview:-1"},"canonical":"https:\/\/www.mzclp.de\/?page_id=4082","og_locale":"de_DE","og_type":"article","og_title":"Fortbildung - Medienzentrum Cloppenburg","og_description":"Das Medienzentrum Cloppenburg bietet Fortbildungsveranstaltung im Kontext von laufenden Medienentwicklungsplanungen bei Tr\u00e4gern im Landkreis an. Diese werden hier in regelm\u00e4\u00dfigen Abst\u00e4nden ver\u00f6ffentlicht. Die Fortbildungen sind kostenlos &#8211; Reisekostenverg\u00fctung kann nicht gew\u00e4hrt werden","og_url":"https:\/\/www.mzclp.de\/?page_id=4082","og_site_name":"Medienzentrum Cloppenburg","article_modified_time":"2019-11-09T10:55:20+00:00","og_image":[{"url":"https:\/\/www.mzclp.de\/wp-content\/uploads\/2019\/11\/Bild-KomZen-300x268.png","type":"","width":"","height":""}],"twitter_card":"summary_large_image","twitter_misc":{"Gesch\u00e4tzte Lesezeit":"1\u00a0Minute"},"schema":{"@context":"https:\/\/schema.org","@graph":[{"@type":"WebPage","@id":"https:\/\/www.mzclp.de\/?page_id=4082","url":"https:\/\/www.mzclp.de\/?page_id=4082","name":"Fortbildung - Medienzentrum Cloppenburg","isPartOf":{"@id":"https:\/\/www.mzclp.de\/#website"},"primaryImageOfPage":{"@id":"https:\/\/www.mzclp.de\/?page_id=4082#primaryimage"},"image":{"@id":"https:\/\/www.mzclp.de\/?page_id=4082#primaryimage"},"thumbnailUrl":"https:\/\/www.mzclp.de\/wp-content\/uploads\/2019\/11\/Bild-KomZen-300x268.png","datePublished":"2019-11-09T10:22:52+00:00","dateModified":"2019-11-09T10:55:20+00:00","breadcrumb":{"@id":"https:\/\/www.mzclp.de\/?page_id=4082#breadcrumb"},"inLanguage":"de","potentialAction":[{"@type":"ReadAction","target":["https:\/\/www.mzclp.de\/?page_id=4082"]}]},{"@type":"ImageObject","inLanguage":"de","@id":"https:\/\/www.mzclp.de\/?page_id=4082#primaryimage","url":"https:\/\/www.mzclp.de\/wp-content\/uploads\/2019\/11\/Bild-KomZen.png","contentUrl":"https:\/\/www.mzclp.de\/wp-content\/uploads\/2019\/11\/Bild-KomZen.png","width":444,"height":397},{"@type":"BreadcrumbList","@id":"https:\/\/www.mzclp.de\/?page_id=4082#breadcrumb","itemListElement":[{"@type":"ListItem","position":1,"name":"Startseite","item":"https:\/\/www.mzclp.de\/"},{"@type":"ListItem","position":2,"name":"Fortbildung"}]},{"@type":"WebSite","@id":"https:\/\/www.mzclp.de\/#website","url":"https:\/\/www.mzclp.de\/","name":"Medienzentrum Cloppenburg","description":"Beratung - Medien - Technik","publisher":{"@id":"https:\/\/www.mzclp.de\/#organization"},"potentialAction":[{"@type":"SearchAction","target":{"@type":"EntryPoint","urlTemplate":"https:\/\/www.mzclp.de\/?s={search_term_string}"},"query-input":{"@type":"PropertyValueSpecification","valueRequired":true,"valueName":"search_term_string"}}],"inLanguage":"de"},{"@type":"Organization","@id":"https:\/\/www.mzclp.de\/#organization","name":"Medienzentrum Cloppenburg","url":"https:\/\/www.mzclp.de\/","logo":{"@type":"ImageObject","inLanguage":"de","@id":"https:\/\/www.mzclp.de\/#\/schema\/logo\/image\/","url":"https:\/\/www.mzclp.de\/wp-content\/uploads\/2020\/06\/cropped-lkclpmzclpf-1.png","contentUrl":"https:\/\/www.mzclp.de\/wp-content\/uploads\/2020\/06\/cropped-lkclpmzclpf-1.png","width":3195,"height":606,"caption":"Medienzentrum Cloppenburg"},"image":{"@id":"https:\/\/www.mzclp.de\/#\/schema\/logo\/image\/"}}]}},"_links":{"self":[{"href":"https:\/\/www.mzclp.de\/index.php?rest_route=\/wp\/v2\/pages\/4082","targetHints":{"allow":["GET"]}}],"collection":[{"href":"https:\/\/www.mzclp.de\/index.php?rest_route=\/wp\/v2\/pages"}],"about":[{"href":"https:\/\/www.mzclp.de\/index.php?rest_route=\/wp\/v2\/types\/page"}],"author":[{"embeddable":true,"href":"https:\/\/www.mzclp.de\/index.php?rest_route=\/wp\/v2\/users\/9"}],"replies":[{"embeddable":true,"href":"https:\/\/www.mzclp.de\/index.php?rest_route=%2Fwp%2Fv2%2Fcomments&post=4082"}],"version-history":[{"count":6,"href":"https:\/\/www.mzclp.de\/index.php?rest_route=\/wp\/v2\/pages\/4082\/revisions"}],"predecessor-version":[{"id":4091,"href":"https:\/\/www.mzclp.de\/index.php?rest_route=\/wp\/v2\/pages\/4082\/revisions\/4091"}],"wp:attachment":[{"href":"https:\/\/www.mzclp.de\/index.php?rest_route=%2Fwp%2Fv2%2Fmedia&parent=4082"}],"curies":[{"name":"wp","href":"https:\/\/api.w.org\/{rel}","templated":true}]}}