{"id":6352,"date":"2025-10-08T11:53:27","date_gmt":"2025-10-08T09:53:27","guid":{"rendered":"https:\/\/www.mzclp.de\/?page_id=6352"},"modified":"2025-10-08T11:59:30","modified_gmt":"2025-10-08T09:59:30","slug":"xperiment-meet-a-scientist","status":"publish","type":"page","link":"https:\/\/www.mzclp.de\/?page_id=6352","title":{"rendered":"Xperiment &#8211; &#8222;meet a scientist&#8220;"},"content":{"rendered":"<h4><a href=\"https:\/\/www.mzclp.de\/wp-content\/uploads\/2025\/09\/Postkarte_meet-a-scientist_Vorderseite.jpg\"><img loading=\"lazy\" decoding=\"async\" class=\"wp-image-6305 alignleft\" src=\"https:\/\/www.mzclp.de\/wp-content\/uploads\/2025\/09\/Postkarte_meet-a-scientist_Vorderseite-1024x726.jpg\" alt=\"\" width=\"450\" height=\"319\" srcset=\"https:\/\/www.mzclp.de\/wp-content\/uploads\/2025\/09\/Postkarte_meet-a-scientist_Vorderseite-1024x726.jpg 1024w, https:\/\/www.mzclp.de\/wp-content\/uploads\/2025\/09\/Postkarte_meet-a-scientist_Vorderseite-300x213.jpg 300w, https:\/\/www.mzclp.de\/wp-content\/uploads\/2025\/09\/Postkarte_meet-a-scientist_Vorderseite-768x545.jpg 768w, https:\/\/www.mzclp.de\/wp-content\/uploads\/2025\/09\/Postkarte_meet-a-scientist_Vorderseite.jpg 1165w\" sizes=\"auto, (max-width: 450px) 100vw, 450px\" \/><\/a>Buchen Sie Wissenschaftler:innen f\u00fcr ihren Unterricht!<\/h4>\n<p>Lehrerinnen und Lehrer der Klassenstufen 5 bis 13 k\u00f6nnen jetzt Vortr\u00e4ge von Forschenden f\u00fcr ihren Unterricht \u201ebuchen\u201c.<\/p>\n<p>Die Universit\u00e4t Vechta und mehrere weitere Hochschulen und Forschungseinrichtungen in Nordwest-Niedersachen beteiligen sich an dem Angebot \u201emeet a scientist\u201c des Vereins Forschungszentrum NordWest (\u201eXperimenT!\u201c).<\/p>\n<p>Auf der Online-Plattform <span style=\"color: #0000ff;\"><strong><a style=\"color: #0000ff;\" href=\"https:\/\/www.sfz-nw.de\/angebote\/meet-a-scientist\/\" target=\"_blank\" rel=\"noopener\">www.sfz-nw.de\/meetascientist<\/a><\/strong><\/span> k\u00f6nnen Lehrkr\u00e4fte das ganze Schuljahr \u00fcber einen Vortrag von einem Wissenschaftler oder einer Wissenschaftlerin passend zu ihrem Unterrichtsfach anfragen. Der Vortrag findet entweder online als Videokonferenz statt oder in Pr\u00e4senz im Klassenraum und dauert je nach Absprache 60 bis 90 Minuten. Thematisch kn\u00fcpft er an Themen aus dem Unterricht an. Zudem berichten die Forschenden \u00fcber ihrem Werdegang und diskutieren mit den Sch\u00fclerinnen und Sch\u00fclern. Das Vortragsangebot wird stetig erweitert und es besteht auch die M\u00f6glichkeit eigene Themen vorzuschlagen.<br \/>\n<div class=\"tx-spacer clearfix\" style=\"height: 25px\"><\/div>\n<p style=\"text-align: right;\"><a class=\"tx-button\" href=\"https:\/\/www.mzclp.de\/?page_id=2088\" target=\"_self\" style=\"color: #ffffff; background-color: #f11303\">zur\u00fcck<\/a>\n<p style=\"text-align: right;\"><span style=\"font-family: 'Courier New', Courier, monospace; font-size: 13px; background-color: #ffffe0;\">\u00a9 paetowd<\/span><\/p>\n","protected":false},"excerpt":{"rendered":"<p>Buchen Sie Wissenschaftler:innen f\u00fcr ihren Unterricht! Lehrerinnen und Lehrer der Klassenstufen 5 bis 13 k\u00f6nnen jetzt Vortr\u00e4ge von Forschenden f\u00fcr ihren Unterricht \u201ebuchen\u201c. Die Universit\u00e4t Vechta und mehrere weitere Hochschulen und Forschungseinrichtungen<\/p>\n<a class=\"moretag noptoppad\" href=\"https:\/\/www.mzclp.de\/?page_id=6352\">Read More...<\/a>","protected":false},"author":2,"featured_media":0,"parent":2088,"menu_order":0,"comment_status":"closed","ping_status":"closed","template":"","meta":{"_crdt_document":"","footnotes":""},"class_list":["post-6352","page","type-page","status-publish","hentry"],"yoast_head":"<!-- This site is optimized with the Yoast SEO plugin v27.4 - https:\/\/yoast.com\/product\/yoast-seo-wordpress\/ -->\n<title>Xperiment - &quot;meet a scientist&quot; - Medienzentrum Cloppenburg<\/title>\n<meta name=\"robots\" content=\"index, follow, max-snippet:-1, max-image-preview:large, max-video-preview:-1\" \/>\n<link rel=\"canonical\" href=\"https:\/\/www.mzclp.de\/?page_id=6352\" \/>\n<meta property=\"og:locale\" content=\"de_DE\" \/>\n<meta property=\"og:type\" content=\"article\" \/>\n<meta property=\"og:title\" content=\"Xperiment - &quot;meet a scientist&quot; - Medienzentrum Cloppenburg\" \/>\n<meta property=\"og:description\" content=\"Buchen Sie Wissenschaftler:innen f\u00fcr ihren Unterricht! Lehrerinnen und Lehrer der Klassenstufen 5 bis 13 k\u00f6nnen jetzt Vortr\u00e4ge von Forschenden f\u00fcr ihren Unterricht \u201ebuchen\u201c. Die Universit\u00e4t Vechta und mehrere weitere Hochschulen und Forschungseinrichtungen\" \/>\n<meta property=\"og:url\" content=\"https:\/\/www.mzclp.de\/?page_id=6352\" \/>\n<meta property=\"og:site_name\" content=\"Medienzentrum Cloppenburg\" \/>\n<meta property=\"article:modified_time\" content=\"2025-10-08T09:59:30+00:00\" \/>\n<meta property=\"og:image\" content=\"https:\/\/www.mzclp.de\/wp-content\/uploads\/2025\/09\/Postkarte_meet-a-scientist_Vorderseite.jpg\" \/>\n\t<meta property=\"og:image:width\" content=\"1165\" \/>\n\t<meta property=\"og:image:height\" content=\"826\" \/>\n\t<meta property=\"og:image:type\" content=\"image\/jpeg\" \/>\n<meta name=\"twitter:card\" content=\"summary_large_image\" \/>\n<meta name=\"twitter:label1\" content=\"Gesch\u00e4tzte Lesezeit\" \/>\n\t<meta name=\"twitter:data1\" content=\"1\u00a0Minute\" \/>\n<script type=\"application\/ld+json\" class=\"yoast-schema-graph\">{\"@context\":\"https:\\\/\\\/schema.org\",\"@graph\":[{\"@type\":\"WebPage\",\"@id\":\"https:\\\/\\\/www.mzclp.de\\\/?page_id=6352\",\"url\":\"https:\\\/\\\/www.mzclp.de\\\/?page_id=6352\",\"name\":\"Xperiment - \\\"meet a scientist\\\" - Medienzentrum Cloppenburg\",\"isPartOf\":{\"@id\":\"https:\\\/\\\/www.mzclp.de\\\/#website\"},\"primaryImageOfPage\":{\"@id\":\"https:\\\/\\\/www.mzclp.de\\\/?page_id=6352#primaryimage\"},\"image\":{\"@id\":\"https:\\\/\\\/www.mzclp.de\\\/?page_id=6352#primaryimage\"},\"thumbnailUrl\":\"https:\\\/\\\/www.mzclp.de\\\/wp-content\\\/uploads\\\/2025\\\/09\\\/Postkarte_meet-a-scientist_Vorderseite-1024x726.jpg\",\"datePublished\":\"2025-10-08T09:53:27+00:00\",\"dateModified\":\"2025-10-08T09:59:30+00:00\",\"breadcrumb\":{\"@id\":\"https:\\\/\\\/www.mzclp.de\\\/?page_id=6352#breadcrumb\"},\"inLanguage\":\"de\",\"potentialAction\":[{\"@type\":\"ReadAction\",\"target\":[\"https:\\\/\\\/www.mzclp.de\\\/?page_id=6352\"]}]},{\"@type\":\"ImageObject\",\"inLanguage\":\"de\",\"@id\":\"https:\\\/\\\/www.mzclp.de\\\/?page_id=6352#primaryimage\",\"url\":\"https:\\\/\\\/www.mzclp.de\\\/wp-content\\\/uploads\\\/2025\\\/09\\\/Postkarte_meet-a-scientist_Vorderseite.jpg\",\"contentUrl\":\"https:\\\/\\\/www.mzclp.de\\\/wp-content\\\/uploads\\\/2025\\\/09\\\/Postkarte_meet-a-scientist_Vorderseite.jpg\",\"width\":1165,\"height\":826},{\"@type\":\"BreadcrumbList\",\"@id\":\"https:\\\/\\\/www.mzclp.de\\\/?page_id=6352#breadcrumb\",\"itemListElement\":[{\"@type\":\"ListItem\",\"position\":1,\"name\":\"Startseite\",\"item\":\"https:\\\/\\\/www.mzclp.de\\\/\"},{\"@type\":\"ListItem\",\"position\":2,\"name\":\"Projekte\",\"item\":\"https:\\\/\\\/www.mzclp.de\\\/?page_id=2088\"},{\"@type\":\"ListItem\",\"position\":3,\"name\":\"Xperiment &#8211; &#8222;meet a scientist&#8220;\"}]},{\"@type\":\"WebSite\",\"@id\":\"https:\\\/\\\/www.mzclp.de\\\/#website\",\"url\":\"https:\\\/\\\/www.mzclp.de\\\/\",\"name\":\"Medienzentrum Cloppenburg\",\"description\":\"Beratung - Medien - Technik\",\"publisher\":{\"@id\":\"https:\\\/\\\/www.mzclp.de\\\/#organization\"},\"potentialAction\":[{\"@type\":\"SearchAction\",\"target\":{\"@type\":\"EntryPoint\",\"urlTemplate\":\"https:\\\/\\\/www.mzclp.de\\\/?s={search_term_string}\"},\"query-input\":{\"@type\":\"PropertyValueSpecification\",\"valueRequired\":true,\"valueName\":\"search_term_string\"}}],\"inLanguage\":\"de\"},{\"@type\":\"Organization\",\"@id\":\"https:\\\/\\\/www.mzclp.de\\\/#organization\",\"name\":\"Medienzentrum Cloppenburg\",\"url\":\"https:\\\/\\\/www.mzclp.de\\\/\",\"logo\":{\"@type\":\"ImageObject\",\"inLanguage\":\"de\",\"@id\":\"https:\\\/\\\/www.mzclp.de\\\/#\\\/schema\\\/logo\\\/image\\\/\",\"url\":\"https:\\\/\\\/www.mzclp.de\\\/wp-content\\\/uploads\\\/2020\\\/06\\\/cropped-lkclpmzclpf-1.png\",\"contentUrl\":\"https:\\\/\\\/www.mzclp.de\\\/wp-content\\\/uploads\\\/2020\\\/06\\\/cropped-lkclpmzclpf-1.png\",\"width\":3195,\"height\":606,\"caption\":\"Medienzentrum Cloppenburg\"},\"image\":{\"@id\":\"https:\\\/\\\/www.mzclp.de\\\/#\\\/schema\\\/logo\\\/image\\\/\"}}]}<\/script>\n<!-- \/ Yoast SEO plugin. -->","yoast_head_json":{"title":"Xperiment - \"meet a scientist\" - Medienzentrum Cloppenburg","robots":{"index":"index","follow":"follow","max-snippet":"max-snippet:-1","max-image-preview":"max-image-preview:large","max-video-preview":"max-video-preview:-1"},"canonical":"https:\/\/www.mzclp.de\/?page_id=6352","og_locale":"de_DE","og_type":"article","og_title":"Xperiment - \"meet a scientist\" - Medienzentrum Cloppenburg","og_description":"Buchen Sie Wissenschaftler:innen f\u00fcr ihren Unterricht! Lehrerinnen und Lehrer der Klassenstufen 5 bis 13 k\u00f6nnen jetzt Vortr\u00e4ge von Forschenden f\u00fcr ihren Unterricht \u201ebuchen\u201c. Die Universit\u00e4t Vechta und mehrere weitere Hochschulen und Forschungseinrichtungen","og_url":"https:\/\/www.mzclp.de\/?page_id=6352","og_site_name":"Medienzentrum Cloppenburg","article_modified_time":"2025-10-08T09:59:30+00:00","og_image":[{"width":1165,"height":826,"url":"https:\/\/www.mzclp.de\/wp-content\/uploads\/2025\/09\/Postkarte_meet-a-scientist_Vorderseite.jpg","type":"image\/jpeg"}],"twitter_card":"summary_large_image","twitter_misc":{"Gesch\u00e4tzte Lesezeit":"1\u00a0Minute"},"schema":{"@context":"https:\/\/schema.org","@graph":[{"@type":"WebPage","@id":"https:\/\/www.mzclp.de\/?page_id=6352","url":"https:\/\/www.mzclp.de\/?page_id=6352","name":"Xperiment - \"meet a scientist\" - Medienzentrum Cloppenburg","isPartOf":{"@id":"https:\/\/www.mzclp.de\/#website"},"primaryImageOfPage":{"@id":"https:\/\/www.mzclp.de\/?page_id=6352#primaryimage"},"image":{"@id":"https:\/\/www.mzclp.de\/?page_id=6352#primaryimage"},"thumbnailUrl":"https:\/\/www.mzclp.de\/wp-content\/uploads\/2025\/09\/Postkarte_meet-a-scientist_Vorderseite-1024x726.jpg","datePublished":"2025-10-08T09:53:27+00:00","dateModified":"2025-10-08T09:59:30+00:00","breadcrumb":{"@id":"https:\/\/www.mzclp.de\/?page_id=6352#breadcrumb"},"inLanguage":"de","potentialAction":[{"@type":"ReadAction","target":["https:\/\/www.mzclp.de\/?page_id=6352"]}]},{"@type":"ImageObject","inLanguage":"de","@id":"https:\/\/www.mzclp.de\/?page_id=6352#primaryimage","url":"https:\/\/www.mzclp.de\/wp-content\/uploads\/2025\/09\/Postkarte_meet-a-scientist_Vorderseite.jpg","contentUrl":"https:\/\/www.mzclp.de\/wp-content\/uploads\/2025\/09\/Postkarte_meet-a-scientist_Vorderseite.jpg","width":1165,"height":826},{"@type":"BreadcrumbList","@id":"https:\/\/www.mzclp.de\/?page_id=6352#breadcrumb","itemListElement":[{"@type":"ListItem","position":1,"name":"Startseite","item":"https:\/\/www.mzclp.de\/"},{"@type":"ListItem","position":2,"name":"Projekte","item":"https:\/\/www.mzclp.de\/?page_id=2088"},{"@type":"ListItem","position":3,"name":"Xperiment &#8211; &#8222;meet a scientist&#8220;"}]},{"@type":"WebSite","@id":"https:\/\/www.mzclp.de\/#website","url":"https:\/\/www.mzclp.de\/","name":"Medienzentrum Cloppenburg","description":"Beratung - Medien - Technik","publisher":{"@id":"https:\/\/www.mzclp.de\/#organization"},"potentialAction":[{"@type":"SearchAction","target":{"@type":"EntryPoint","urlTemplate":"https:\/\/www.mzclp.de\/?s={search_term_string}"},"query-input":{"@type":"PropertyValueSpecification","valueRequired":true,"valueName":"search_term_string"}}],"inLanguage":"de"},{"@type":"Organization","@id":"https:\/\/www.mzclp.de\/#organization","name":"Medienzentrum Cloppenburg","url":"https:\/\/www.mzclp.de\/","logo":{"@type":"ImageObject","inLanguage":"de","@id":"https:\/\/www.mzclp.de\/#\/schema\/logo\/image\/","url":"https:\/\/www.mzclp.de\/wp-content\/uploads\/2020\/06\/cropped-lkclpmzclpf-1.png","contentUrl":"https:\/\/www.mzclp.de\/wp-content\/uploads\/2020\/06\/cropped-lkclpmzclpf-1.png","width":3195,"height":606,"caption":"Medienzentrum Cloppenburg"},"image":{"@id":"https:\/\/www.mzclp.de\/#\/schema\/logo\/image\/"}}]}},"_links":{"self":[{"href":"https:\/\/www.mzclp.de\/index.php?rest_route=\/wp\/v2\/pages\/6352","targetHints":{"allow":["GET"]}}],"collection":[{"href":"https:\/\/www.mzclp.de\/index.php?rest_route=\/wp\/v2\/pages"}],"about":[{"href":"https:\/\/www.mzclp.de\/index.php?rest_route=\/wp\/v2\/types\/page"}],"author":[{"embeddable":true,"href":"https:\/\/www.mzclp.de\/index.php?rest_route=\/wp\/v2\/users\/2"}],"replies":[{"embeddable":true,"href":"https:\/\/www.mzclp.de\/index.php?rest_route=%2Fwp%2Fv2%2Fcomments&post=6352"}],"version-history":[{"count":4,"href":"https:\/\/www.mzclp.de\/index.php?rest_route=\/wp\/v2\/pages\/6352\/revisions"}],"predecessor-version":[{"id":6358,"href":"https:\/\/www.mzclp.de\/index.php?rest_route=\/wp\/v2\/pages\/6352\/revisions\/6358"}],"up":[{"embeddable":true,"href":"https:\/\/www.mzclp.de\/index.php?rest_route=\/wp\/v2\/pages\/2088"}],"wp:attachment":[{"href":"https:\/\/www.mzclp.de\/index.php?rest_route=%2Fwp%2Fv2%2Fmedia&parent=6352"}],"curies":[{"name":"wp","href":"https:\/\/api.w.org\/{rel}","templated":true}]}}